
List the prime factors of 14527.
73, 199
List the prime factors of 2789.
2789
List the prime factors of 16006.
2, 53, 151
What are the prime factors of 191?
191
What are the prime factors of 1515?
3, 5, 101
What are the prime factors of 273?
3, 7, 13
List the prime factors of 618.
2, 3, 103
List the prime factors of 1130.
2, 5, 113
List the prime factors of 38584.
2, 7, 13, 53
List the prime factors of 14493.
3, 4831
What are the prime factors of 1469?
13, 113
List the prime factors of 364.
2, 7, 13
List the prime factors of 1699.
1699
What are the prime factors of 1852?
2, 463
What are the prime factors of 117226?
2, 58613
What are the prime factors of 13526?
2, 6763
List the prime factors of 9732.
2, 3, 811
What are the prime factors of 41525?
5, 11, 151
What are the prime factors of 6254?
2, 53, 59
List the prime factors of 167634.
2, 3, 67, 139
List the prime factors of 2246.
2, 1123
List the prime factors of 332.
2, 83
What are the prime factors of 2271?
3, 757
What are the prime factors of 2437?
2437
List the prime factors of 40462.
2, 20231
List the prime factors of 254.
2, 127
List the prime factors of 48586.
2, 17, 1429
List the prime factors of 20371.
13, 1567
What are the prime factors of 28617?
3, 9539
What are the prime factors of 1733?
1733
What are the prime factors of 1239?
3, 7, 59
What are the prime factors of 3989?
3989
List the prime factors of 79877.
7, 11411
What are the prime factors of 11069?
11069
What are the prime factors of 274?
2, 137
List the prime factors of 24838.
2, 11, 1129
List the prime factors of 8659.
7, 1237
List the prime factors of 2144.
2, 67
List the prime factors of 10021.
11, 911
What are the prime factors of 2039?
2039
What are the prime factors of 17?
17
What are the prime factors of 643?
643
What are the prime factors of 37968?
2, 3, 7, 113
List the prime factors of 1113.
3, 7, 53
List the prime factors of 114799.
114799
List the prime factors of 5464.
2, 683
What are the prime factors of 6598?
2, 3299
List the prime factors of 130261.
130261
What are the prime factors of 503?
503
What are the prime factors of 5490?
2, 3, 5, 61
List the prime factors of 4287.
3, 1429
What are the prime factors of 3663?
3, 11, 37
What are the prime factors of 4907?
7, 701
List the prime factors of 61216.
2, 1913
What are the prime factors of 36705?
3, 5, 2447
What are the prime factors of 19033?
7, 2719
List the prime factors of 974.
2, 487
List the prime factors of 12673.
19, 23, 29
What are the prime factors of 505?
5, 101
List the prime factors of 11815.
5, 17, 139
What are the prime factors of 4948?
2, 1237
List the prime factors of 8614.
2, 59, 73
List the prime factors of 51947.
7, 41, 181
List the prime factors of 882.
2, 3, 7
What are the prime factors of 8869?
7, 181
What are the prime factors of 113869?
7, 16267
List the prime factors of 14334.
2, 3, 2389
List the prime factors of 217.
7, 31
List the prime factors of 597.
3, 199
What are the prime factors of 1718?
2, 859
What are the prime factors of 18648?
2, 3, 7, 37
List the prime factors of 1915.
5, 383
What are the prime factors of 34182?
2, 3, 211
List the prime factors of 1013.
1013
What are the prime factors of 1062?
2, 3, 59
What are the prime factors of 477?
3, 53
What are the prime factors of 23215?
5, 4643
What are the prime factors of 64488?
2, 3, 2687
List the prime factors of 11012.
2, 2753
What are the prime factors of 98315?
5, 7, 53
List the prime factors of 85994.
2, 19, 31, 73
What are the prime factors of 4240?
2, 5, 53
What are the prime factors of 1352?
2, 13
List the prime factors of 1118.
2, 13, 43
What are the prime factors of 1041?
3, 347
List the prime factors of 122637.
3, 40879
What are the prime factors of 19434?
2, 3, 41, 79
List the prime factors of 3458.
2, 7, 13, 19
List the prime factors of 94482.
2, 3, 29, 181
What are the prime factors of 3853?
3853
What are the prime factors of 2492?
2, 7, 89
List the prime factors of 1430.
2, 5, 11, 13
What are the prime factors of 8562?
2, 3, 1427
List the prime factors of 3214.
2, 1607
What are the prime factors of 614?
2, 307
What are the prime factors of 8155?
5, 7, 233
List the prime factors of 1953.
3, 7, 31
List the prime factors of 1904.
2, 7, 17
What are the prime factors of 8601?
3, 47, 61
What are the prime factors of 103?
103
List the prime factors of 8921.
11, 811
List the prime factors of 18329.
18329
What are the prime factors of 76849?
31, 37, 67
List the prime factors of 21535.
5, 59, 73
What are the prime factors of 680?
2, 5, 17
List the prime factors of 32814.
2, 3, 1823
What are the prime factors of 1037?
17, 61
What are the prime factors of 2515?
5, 503
List the prime factors of 12160.
2, 5, 19
List the prime factors of 40661.
73, 557
List the prime factors of 3482.
2, 1741
List the prime factors of 3980.
2, 5, 199
List the prime factors of 1899.
3, 211
What are the prime factors of 17577?
3, 7, 31
What are the prime factors of 4990?
2, 5, 499
What are the prime factors of 19192?
2, 2399
List the prime factors of 45788.
2, 11447
What are the prime factors of 1720?
2, 5, 43
List the prime factors of 9132.
2, 3, 761
What are the prime factors of 3650?
2, 5, 73
What are the prime factors of 21054?
2, 3, 11, 29
List the prime factors of 167454.
2, 3, 7, 443
What are the prime factors of 59663?
59663
What are the prime factors of 261?
3, 29
List the prime factors of 617.
617
List the prime factors of 43994.
2, 21997
List the prime factors of 26958.
2, 3, 4493
What are the prime factors of 37?
37
List the prime factors of 2879.
2879
What are the prime factors of 52984?
2, 37, 179
What are the prime factors of 1285?
5, 257
What are the prime factors of 42146?
2, 13, 1621
List the prime factors of 7152.
2, 3, 149
List the prime factors of 62465.
5, 13, 31
What are the prime factors of 1931?
1931
What are the prime factors of 5614?
2, 7, 401
What are the prime factors of 358?
2, 179
List the prime factors of 10044.
2, 3, 31
List the prime factors of 55896.
2, 3, 17, 137
What are the prime factors of 21489?
3, 13, 19, 29
List the prime factors of 913.
11, 83
List the prime factors of 6862.
2, 47, 73
List the prime factors of 6666.
2, 3, 11, 101
List the prime factors of 831.
3, 277
What are the prime factors of 789?
3, 263
What are the prime factors of 5419?
5419
What are the prime factors of 643?
643
What are the prime factors of 33992?
2, 7, 607
List the prime factors of 3597.
3, 11, 109
List the prime factors of 35727.
3, 11909
What are the prime factors of 7133?
7, 1019
What are the prime factors of 44161?
13, 43, 79
What are the prime factors of 7653?
3, 2551
List the prime factors of 78123.
3, 26041
What are the prime factors of 64302?
2, 3, 7, 1531
What are the prime factors of 1292?
2, 17, 19
What are the prime factors of 56958?
2, 3, 11, 863
List the prime factors of 33303.
3, 17, 653
What are the prime factors of 54889?
131, 419
What are the prime factors of 2566?
2, 1283
List the prime factors of 18543.
3, 7, 883
What are the prime factors of 4138?
2, 2069
What are the prime factors of 10820?
2, 5, 541
What are the prime factors of 554?
2, 277
What are the prime factors of 13471?
19, 709
List the prime factors of 8216.
2, 13, 79
List the prime factors of 119743.
13, 61, 151
What are the prime factors of 7355?
5, 1471
List the prime factors of 4000.
2, 5
List the prime factors of 498.
2, 3, 83
What are the prime factors of 1419?
3, 11, 43
What are the prime factors of 99958?
2, 23, 41, 53
List the prime factors of 84883.
29, 2927
What are the prime factors of 85654?
2, 113, 379
List the prime factors of 10097.
23, 439
What are the prime factors of 22238?
2, 11119
List the prime factors of 50290.
2, 5, 47, 107
What are the prime factors of 3841?
23, 167
What are the prime factors of 2434?
2, 1217
What are the prime factors of 2531?
2531
List the prime factors of 14639.
14639
List the prime factors of 158.
2, 79
What are the prime factors of 20991?
3, 6997
What are the prime factors of 9012?
2, 3, 751
List the prime factors of 1668.
2, 3, 139
What are the prime factors of 268?
2, 67
What are the prime factors of 2533?
17, 149
List the prime factors of 14614.
2, 7307
What are the prime factors of 7777?
7, 11, 101
What are the prime factors of 3393?
3, 13, 2